0 and k.
8
Let p = 49 + -26. Suppose 0 = 4*z - 5*l - 45, 0 = 2*z - 3*l - 25. Suppose 0*t + z*t = 1265. Calculate the greatest common factor of p and t.
23
Let x(n) = 3*n**2 - 5*n + 8. Let d be x(4). What is the greatest common divisor of d and 12?
12
Let m be (-3 + 6)/1 - (2 + -3). Calculate the greatest common divisor of 52 and m.
4
Let f(y) = 2 - 2*y + 0*y + y. Let g be f(3). Let v be 1 + (33 - (1 - g)). Calculate the greatest common factor of v and 16.
16
Suppose 3*v + v - 168 = 0. Let b = -18 + v. Let m be 3/(1 + (-2 - -2)). Calculate the greatest common factor of b and m.
3
Let z = -11 - -39. Suppose 0*r - 8 = -2*r. Calculate the highest common factor of z and r.
4
Let h be (-4)/1*18/(-4). Suppose 0*u = 3*u - h. Suppose 0 = -0*s + 3*s + w - 10, w - u = -s. Calculate the greatest common divisor of 5 and s.
1
Let r be 63/15 + (-4)/(-5). What is the greatest common divisor of 45 and r?
5
Let w be 3*(-1)/2*26. Let f(t) = -3*t**3 - 2*t + 2. Let d be f(-3). Let j = w + d. Calculate the greatest common divisor of j and 10.
10
Let s = 6 + 1. What is the highest common factor of 21 and s?
7
Suppose 0 = 2*h - 0*h. Suppose h = -0*f + f - 11. Suppose 2*y - 3 = f. What is the highest common factor of 35 and y?
7
Suppose 5 = 2*z - 5. Suppose 8 = 4*h, -2*u + 4*u - 34 = -z*h. Calculate the greatest common divisor of u and 3.
3
Let z(h) = -h**3 + h**2 + h + 57. Let i be z(0). Calculate the highest common divisor of i and 19.
19
Let x be 4/(-10) - (-81)/15. Let g be (3/6)/1*6. Suppose -4*b - 3*c = -g*b - 15, 4*c = -x*b + 64. Calculate the greatest common factor of 18 and b.
6
Let u(i) = 2*i**2 + 31*i - 12. Let p be u(-18). Calculate the highest common factor of 26 and p.
26
Let x(h) be the third derivative of -h**6/60 - h**5/60 - h**4/24 + h**2. Let a be x(-1). Calculate the highest common factor of a and 5.
1
Let u be (195/20)/(3/8). Suppose -3*h + 31 = -2*d, 3*h + 2*d + u = 73. Calculate the highest common divisor of 143 and h.
13
Let l(f) = f**3 - 3*f**2 - 3*f + 6. Let r be l(4). Suppose 4*q = -3*z + 188, 0*z = 3*q - z - 154. What is the greatest common factor of r and q?
10
Let i = 6 - 2. Let a(k) = 2*k**3 - 7*k**2 + 4*k + 4. Let x be a(i). What is the highest common divisor of 12 and x?
12
Let v(o) be the first derivative of o**4/4 + 7*o**3/3 - 5*o**2 - 5*o + 3. Let s be v(-8). What is the highest common divisor of 33 and s?
11
Let p(x) = 10*x**2 - 2*x - 10. Let k be p(-2). What is the greatest common divisor of 85 and k?
17
Let f(j) = j**2 + 8*j + 11. Let a be f(-11). What is the greatest common factor of 4 and a?
4
Suppose z = -z, -4*f - 2*z + 4 = 0. Let b be (2 + -1)*f + 5. Let d be 2/b + (-28)/(-6). Calculate the highest common factor of 2 and d.
1
Suppose -r + 2*r = 5*d + 17, -2*r + 4*d + 16 = 0. What is the greatest common divisor of 5 and r?
1
Let r be 6 + -2 - 0/(-2). Let o(n) = n - 4. Let y be o(r). Suppose -f + u + 114 = 0, y = -3*f + 5*f + u - 222. Calculate the highest common divisor of f and 16.
16
Suppose -5*u + 23 = -17. Suppose j = -u + 29. Suppose -2*y - 34 = -3*f, -2*f + y + 0*y + j = 0. Calculate the highest common factor of 8 and f.
8
Let d = 38 - -25. Let f = 9 + d. Calculate the highest common divisor of 24 and f.
24
Suppose 2*o + 225 = 7*o. Calculate the highest common divisor of 9 and o.
9
Suppose -3*x + 105 = 9. What is the highest common factor of x and 96?
32
Suppose -8*t - 2 = -10*t. Suppose 2 = b - h - t, 2*h = -3*b + 9. Let w(v) = 9*v. Let q be w(1). What is the greatest common factor of q and b?
3
Suppose 5*o + 3*q - 102 = 0, -3*q + 2*q = -2*o + 32. Let g = 29 - 2. What is the greatest common factor of o and g?
9
Let d(b) = -b**2 - 8*b - 6. Let i be d(-6). Let r be 20/i + 1/(-3). What is the greatest common factor of 3 and r?
3
Suppose 0 = -5*d + 185 + 355. What is the greatest common divisor of 12 and d?
12
Suppose 3*f + 12 = 5*o + 2, f + 14 = -o. Let g be ((-24)/6)/(4/f). What is the greatest common divisor of g and 20?
10
Let l(y) = 4*y + 3 - 5*y + y + y. Let u be l(5). Let v = -65 - -129. Calculate the greatest common factor of v and u.
8
Let p be 24/2 - (-1 - -2). Let w = 5 + -4. Calculate the greatest common divisor of w and p.
1
Let f(v) = 12*v**2 - 2*v - 1. Let z be f(-1). Let s = z + -7. Calculate the greatest common factor of s and 4.
2
Let w = 8 - 2. Let n be (w + -97)/((-2)/2). Let g = -26 - -39. Calculate the highest common divisor of n and g.
13
Let w = -20 - -68. What is the highest common divisor of w and 64?
16
Let n(o) be the third derivative of -3/8*o**4 - 1/60*o**5 + 0 + 0*o + o**2 + 0*o**3. Let v be n(-7). Calculate the greatest common factor of v and 7.
7
Let l be (276/(-5))/(-6) - (-1)/(-5). What is the highest common factor of l and 6?
3
Let c be 28 - ((-4)/4 - -4). Calculate the highest common factor of c and 275.
25
Let j be (2/12)/((-5)/(-30)). Let v be (60/25)/(j/5). Calculate the greatest common factor of v and 3.
3
Let m be (-2)/((-1)/4 + (-52)/(-272)). What is the highest common divisor of m and 34?
34
Let y(r) = -6*r - 3. Let c be y(4). Let f be 38/9 - (-6)/c. Suppose w + 67 = 6*w - f*l, -2*l = 4*w - 64. Calculate the greatest common factor of 3 and w.
3
Let s be 2/(-5)*(-3 - -8). Let k be 14/(s - -3) - 2. Suppose -3*q + 121 + 95 = 0. Calculate the greatest common factor of k and q.
12
Suppose -x = 16*x - 816. Suppose 0 = 5*c + z + 2*z - 120, 3*c = -2*z + 73. Suppose 2*r - c - 3 = 0. Calculate the highest common factor of r and x.
12
Let m be -3*(0 + (-2)/3). Let s(w) = -m + 0*w + w + 0*w - 2. Let a be s(7). Calculate the highest common divisor of a and 3.
3
Let r be 1*((-4)/(-2) + 1). Let q be (-2)/((1*-6)/r). Let s(w) = 25*w**3 - 2*w + 1. Let l be s(q). Calculate the greatest common divisor of 12 and l.
12
Let b be 2*2/(-12)*-21. Suppose 8 + 4 = 4*t. Suppose -172 - 59 = -t*m. Calculate the greatest common factor of m and b.
7
Let v be 31/3 + (-2)/6. Let p = -5 + 2. Let b be p/(-9)*9 + -1. What is the highest common divisor of v and b?
2
Let k(j) = -j**3 + 2*j**2 + j + 280. Let m be k(0). What is the highest common factor of m and 35?
35
Let k be 5 + -5 + -3 + 111. Let z be (-46)/(-4) + 1/2. Calculate the greatest common divisor of z and k.
12
Let q be (225 - 2) + -1 + 9 + -6. Calculate the greatest common factor of 25 and q.
25
Let m be 61 + (0 - 4/(-2)). Let y be 234/m - (-2)/7. Suppose 0 = -4*f + 78 + 34. What is the highest common factor of f and y?
4
Let n(h) = 8*h. Let t be n(3). Let d(k) = 2*k**2 - 2*k. Let x be d(2). Suppose 3*a - x*a + 3 = 0. Calculate the greatest common factor of a and t.
3
Let z = -21 + 42. Let h = z - 1. Suppose 4*f - h = -f. Calculate the highest common divisor of f and 12.
4
Suppose c + c = -5*i + 89, 0 = 3*c - 6. Let x be 1 - (-2)/(2 - 0). Suppose -24 = -x*w + 10. What is the greatest common factor of i and w?
17
Let q = -35 - -81. Suppose -4*n + 5*w = -271, -5*n = -5*w - 184 - 156. What is the highest common divisor of n and q?
23
Let l = -17 + 29. Calculate the highest common factor of 60 and l.
12
Let d(n) = -5*n + 4. Let v be d(0). What is the greatest common factor of v and 52?
4
Suppose -4*r - 10 = n, -2*r - 40 = -4*n + n. Calculate the greatest common divisor of 15 and n.
5
Let c be 7/((-21)/(-6)) + (-36)/(-3). What is the highest common divisor of 14 and c?
14
Let w be -2*(1 - 30 - -3). Let r be 2/5 - w/(-20). Suppose r*a - 23 = -5*s, -2*s + 7*s - 4*a = 16. What is the greatest common factor of 8 and s?
4
Let h(w) = 4*w**3 - 6*w**2 - 5*w + 3. Let v be h(3). What is the greatest common factor of v and 6?
6
Suppose -3*d = -s + 10, -3*d - 32 = -0*s - 2*s. Suppose 4*y + y = -140. Let f be (22/(-5))/(y/70). Calculate the greatest common factor of s and f.
11
Suppose 0*k + 15 = -3*k. Let v(s) = -s**3 - 3*s**2 - s + 6. Let b be v(k). Suppose 3*q = -13 + b. What is the greatest common factor of 4 and q?
4
Let u be -1 - (4816/(-35) - (-6)/10). Calculate the highest common divisor of 17 and u.
17
Let t = -36 - -50. Suppose 5*i + 2*v - 62 = 0, 3*i = v + 16 + 30. What is the highest common factor of t and i?
14
Suppose -6*q = 4*j - q - 36, -q + 38 = 3*j. Let s = -27 + 41. What is the highest common divisor of s and j?
14
Let o(u) = u**3 + 5*u**2 + 5*u + 5. Let p be o(-4). Let r be (p - (0 - -16))*-7. Calculate the greatest common factor of 42 and r.
21
Le